[INFO] cloning repository https://github.com/geomatsi/rust-blue-pill-tests
[INFO] running `Command { std: "git" "-c" "credential.helper=" "-c" "credential.helper=/workspace/cargo-home/bin/git-credential-null" "clone" "--bare" "https://github.com/geomatsi/rust-blue-pill-tests" "/workspace/cache/git-repos/https%3A%2F%2Fgithub.com%2Fgeomatsi%2Frust-blue-pill-tests", kill_on_drop: false }`
[INFO] [stderr] Cloning into bare repository '/workspace/cache/git-repos/https%3A%2F%2Fgithub.com%2Fgeomatsi%2Frust-blue-pill-tests'...
[INFO] running `Command { std: "git" "rev-parse" "HEAD", kill_on_drop: false }`
[INFO] [stdout] b2d1ba0ec66fa7e7034a4aa30352f4fb3c5e6787
[INFO] checking geomatsi/rust-blue-pill-tests against master#cfbc6d4cf1acbac5c025acf8ed68929caa551df3 for pr-75494-beta
[INFO] running `Command { std: "git" "clone" "/workspace/cache/git-repos/https%3A%2F%2Fgithub.com%2Fgeomatsi%2Frust-blue-pill-tests" "/workspace/builds/worker-3/source", kill_on_drop: false }`
[INFO] [stderr] Cloning into '/workspace/builds/worker-3/source'...
[INFO] [stderr] done.
[INFO] validating manifest of git repo https://github.com/geomatsi/rust-blue-pill-tests on toolchain cfbc6d4cf1acbac5c025acf8ed68929caa551df3
[INFO] running `Command { std: "/workspace/cargo-home/bin/cargo" "+cfbc6d4cf1acbac5c025acf8ed68929caa551df3" "read-manifest" "--manifest-path" "Cargo.toml", kill_on_drop: false }`
[INFO] removed /workspace/builds/worker-3/source/.cargo/config
[INFO] started tweaking git repo https://github.com/geomatsi/rust-blue-pill-tests
[INFO] finished tweaking git repo https://github.com/geomatsi/rust-blue-pill-tests
[INFO] tweaked toml for git repo https://github.com/geomatsi/rust-blue-pill-tests written to /workspace/builds/worker-3/source/Cargo.toml
[INFO] crate git repo https://github.com/geomatsi/rust-blue-pill-tests already has a lockfile, it will not be regenerated
[INFO] running `Command { std: "/workspace/cargo-home/bin/cargo" "+cfbc6d4cf1acbac5c025acf8ed68929caa551df3" "fetch" "--locked" "--manifest-path" "Cargo.toml", kill_on_drop: false }`
[INFO] [stderr]     Blocking waiting for file lock on package cache
[INFO] [stderr]     Updating git repository `https://github.com/astro/embedded-nrf24l01`
[INFO] [stderr]     Updating git repository `https://github.com/geomatsi/hc-sr04`
[INFO] [stderr]     Updating git repository `https://github.com/geomatsi/nrf24l01`
[INFO] [stderr]     Updating git repository `https://github.com/geomatsi/shared-bus.git`
[INFO] [stderr]     Blocking waiting for file lock on package cache
[INFO] [stderr]  Downloading crates ...
[INFO] [stderr]   Downloaded embedded-hal v0.2.3
[INFO] [stderr]   Downloaded rtfm-syntax v0.4.0
[INFO] [stderr]   Downloaded cortex-m-rtfm-macros v0.5.0
[INFO] [stderr]   Downloaded panic-itm v0.4.1
[INFO] [stderr]   Downloaded aligned v0.3.2
[INFO] [stderr]   Downloaded bitbang-hal v0.3.0
[INFO] [stderr]   Downloaded rtfm-core v0.3.0
[INFO] [stderr]   Downloaded itm_logger v0.1.1
[INFO] [stderr]   Downloaded lm75 v0.1.1
[INFO] [stderr]   Downloaded infrared v0.4.1
[INFO] [stderr]   Downloaded stm32f1 v0.9.0
[INFO] [stderr]   Downloaded heapless v0.5.3
[INFO] [stderr]   Downloaded cortex-m-rtfm v0.5.1
[INFO] [stderr]   Downloaded cortex-m-semihosting v0.3.5
[INFO] [stderr]   Downloaded panic-semihosting v0.5.3
[INFO] [stderr]   Downloaded nb v0.1.2
[INFO] [stderr]   Downloaded cortex-m v0.6.2
[INFO] [stderr]   Downloaded stm32f1xx-hal v0.5.3
[INFO] running `Command { std: "docker" "create" "-v" "/var/lib/crater-agent-workspace/builds/worker-3/target:/opt/rustwide/target:rw,Z" "-v" "/var/lib/crater-agent-workspace/builds/worker-3/source:/opt/rustwide/workdir:ro,Z" "-v" "/var/lib/crater-agent-workspace/cargo-home:/opt/rustwide/cargo-home:ro,Z" "-v" "/var/lib/crater-agent-workspace/rustup-home:/opt/rustwide/rustup-home:ro,Z" "-e" "SOURCE_DIR=/opt/rustwide/workdir" "-e" "CARGO_TARGET_DIR=/opt/rustwide/target" "-e" "CARGO_HOME=/opt/rustwide/cargo-home" "-e" "RUSTUP_HOME=/opt/rustwide/rustup-home" "-w" "/opt/rustwide/workdir" "-m" "1610612736" "--user" "0:0" "--network" "none" "rustops/crates-build-env@sha256:a636fd89d022f18117e1dc8fb37a0a009933cdbbe082814857f0e2024962d47c" "/opt/rustwide/cargo-home/bin/cargo" "+cfbc6d4cf1acbac5c025acf8ed68929caa551df3" "metadata" "--no-deps" "--format-version=1", kill_on_drop: false }`
[INFO] [stderr] WARNING: Your kernel does not support swap limit capabilities or the cgroup is not mounted. Memory limited without swap.
[INFO] [stdout] 1da959af5d792c2e47804e58dee0038a0f1dba6cb1a6bd992ff35dcb4a397634
[INFO] running `Command { std: "docker" "start" "-a" "1da959af5d792c2e47804e58dee0038a0f1dba6cb1a6bd992ff35dcb4a397634", kill_on_drop: false }`
[INFO] running `Command { std: "docker" "inspect" "1da959af5d792c2e47804e58dee0038a0f1dba6cb1a6bd992ff35dcb4a397634", kill_on_drop: false }`
[INFO] running `Command { std: "docker" "rm" "-f" "1da959af5d792c2e47804e58dee0038a0f1dba6cb1a6bd992ff35dcb4a397634", kill_on_drop: false }`
[INFO] [stdout] 1da959af5d792c2e47804e58dee0038a0f1dba6cb1a6bd992ff35dcb4a397634
[INFO] running `Command { std: "docker" "create" "-v" "/var/lib/crater-agent-workspace/builds/worker-3/target:/opt/rustwide/target:rw,Z" "-v" "/var/lib/crater-agent-workspace/builds/worker-3/source:/opt/rustwide/workdir:ro,Z" "-v" "/var/lib/crater-agent-workspace/cargo-home:/opt/rustwide/cargo-home:ro,Z" "-v" "/var/lib/crater-agent-workspace/rustup-home:/opt/rustwide/rustup-home:ro,Z" "-e" "SOURCE_DIR=/opt/rustwide/workdir" "-e" "CARGO_TARGET_DIR=/opt/rustwide/target" "-e" "CARGO_INCREMENTAL=0" "-e" "RUST_BACKTRACE=full" "-e" "RUSTFLAGS=--cap-lints=forbid" "-e" "CARGO_HOME=/opt/rustwide/cargo-home" "-e" "RUSTUP_HOME=/opt/rustwide/rustup-home" "-w" "/opt/rustwide/workdir" "-m" "1610612736" "--user" "0:0" "--network" "none" "rustops/crates-build-env@sha256:a636fd89d022f18117e1dc8fb37a0a009933cdbbe082814857f0e2024962d47c" "/opt/rustwide/cargo-home/bin/cargo" "+cfbc6d4cf1acbac5c025acf8ed68929caa551df3" "check" "--frozen" "--all" "--all-targets" "--message-format=json", kill_on_drop: false }`
[INFO] [stdout] c130184b42b5fc49d62eca07f32ea5f5b868b52ff4d31d068cb348a5fb60647c
[INFO] [stderr] WARNING: Your kernel does not support swap limit capabilities or the cgroup is not mounted. Memory limited without swap.
[INFO] running `Command { std: "docker" "start" "-a" "c130184b42b5fc49d62eca07f32ea5f5b868b52ff4d31d068cb348a5fb60647c", kill_on_drop: false }`
[INFO] [stderr]    Compiling semver-parser v0.7.0
[INFO] [stderr]    Compiling cortex-m v0.6.2
[INFO] [stderr]     Checking stable_deref_trait v1.1.1
[INFO] [stderr]    Compiling proc-macro2 v1.0.9
[INFO] [stderr]    Compiling unicode-xid v0.2.0
[INFO] [stderr]     Checking vcell v0.1.2
[INFO] [stderr]    Compiling syn v1.0.17
[INFO] [stderr]     Checking nb v0.1.2
[INFO] [stderr]    Compiling cortex-m-rt v0.6.12
[INFO] [stderr]    Compiling byteorder v1.3.4
[INFO] [stderr]     Checking r0 v0.2.2
[INFO] [stderr]    Compiling stm32f1 v0.9.0
[INFO] [stderr]    Compiling log v0.4.8
[INFO] [stderr]    Compiling heapless v0.5.3
[INFO] [stderr]    Compiling cortex-m-semihosting v0.3.5
[INFO] [stderr]    Compiling cortex-m-rtfm v0.5.1
[INFO] [stderr]     Checking cfg-if v0.1.10
[INFO] [stderr]     Checking rtfm-core v0.3.0
[INFO] [stderr]     Checking bitfield v0.13.2
[INFO] [stderr]     Checking infrared v0.4.1
[INFO] [stderr]    Compiling indexmap v1.3.2
[INFO] [stderr]     Checking volatile-register v0.2.0
[INFO] [stderr]     Checking embedded-hal v0.2.3
[INFO] [stderr]     Checking typenum v1.11.2
[INFO] [stderr]    Compiling semver v0.9.0
[INFO] [stderr]     Checking bitbang-hal v0.3.0
[INFO] [stderr]     Checking nrf24l01 v0.0.1 (https://github.com/geomatsi/nrf24l01?branch=update-deps#a88f717f)
[INFO] [stderr]     Checking eeprom24x v0.3.0
[INFO] [stderr]     Checking lm75 v0.1.1
[INFO] [stderr]     Checking hc-sr04 v0.1.0 (https://github.com/geomatsi/hc-sr04?branch=update-wip#b97e824b)
[INFO] [stderr]     Checking embedded-nrf24l01 v0.2.0 (https://github.com/astro/embedded-nrf24l01#0998f622)
[INFO] [stderr]    Compiling rustc_version v0.2.3
[INFO] [stderr]     Checking hash32 v0.1.1
[INFO] [stderr]    Compiling bare-metal v0.2.5
[INFO] [stderr]    Compiling cast v0.2.3
[INFO] [stderr]     Checking generic-array v0.13.2
[INFO] [stderr]     Checking generic-array v0.12.3
[INFO] [stderr]     Checking as-slice v0.1.3
[INFO] [stderr]    Compiling quote v1.0.3
[INFO] [stderr]     Checking aligned v0.3.2
[INFO] [stderr]     Checking itm_logger v0.1.1
[INFO] [stderr]     Checking shared-bus v0.1.4 (https://github.com/geomatsi/shared-bus.git?branch=shared-adc#876c4499)
[INFO] [stderr]     Checking panic-itm v0.4.1
[INFO] [stderr]     Checking panic-semihosting v0.5.3
[INFO] [stderr]    Compiling rtfm-syntax v0.4.0
[INFO] [stderr]    Compiling cortex-m-rt-macros v0.1.8
[INFO] [stderr]    Compiling cortex-m-rtfm-macros v0.5.0
[INFO] [stderr]     Checking stm32f1xx-hal v0.5.3
[INFO] [stderr]     Checking blue-pill-tests v0.1.0 (/opt/rustwide/workdir)
[INFO] [stdout] error: PWM feature not selected
[INFO] [stdout]   --> src/bin/pwm-test2.rs:24:1
[INFO] [stdout]    |
[INFO] [stdout] 24 | compile_error!("PWM feature not selected");
[INFO] [stdout]    | ^^^^^^^^^^^^^^^^^^^^^^^^^^^^^^^^^^^^^^^^^^^
[INFO] [stdout] 
[INFO] [stdout] 
[INFO] [stdout] error: language item required, but not found: `eh_personality`
[INFO] [stdout] 
[INFO] [stdout] 
[INFO] [stdout] error: language item required, but not found: `eh_personality`
[INFO] [stdout] 
[INFO] [stdout] 
[INFO] [stdout] error: language item required, but not found: `eh_personality`
[INFO] [stdout] 
[INFO] [stdout] 
[INFO] [stdout] error: duplicate lang item in crate `std` (which `test` depends on): `panic_impl`.
[INFO] [stdout]   |
[INFO] [stdout]   = note: the lang item is first defined in crate `panic_itm` (which `itm_test1` depends on)
[INFO] [stdout]   = note: first definition in `panic_itm` loaded from /opt/rustwide/target/debug/deps/libpanic_itm-4abfa882721dbc14.rmeta
[INFO] [stdout]   = note: second definition in `std` loaded from /opt/rustwide/rustup-home/toolchains/cfbc6d4cf1acbac5c025acf8ed68929caa551df3/lib/rustlib/x86_64-unknown-linux-gnu/lib/libstd-d66e0ceb8eaec9b8.rlib
[INFO] [stdout] 
[INFO] [stdout] 
[INFO] [stdout] error: duplicate lang item in crate `std` (which `test` depends on): `panic_impl`.
[INFO] [stdout]   |
[INFO] [stdout]   = note: the lang item is first defined in crate `panic_semihosting` (which `adc_test1` depends on)
[INFO] [stdout]   = note: first definition in `panic_semihosting` loaded from /opt/rustwide/target/debug/deps/libpanic_semihosting-37ab84156583ecb8.rmeta
[INFO] [stdout]   = note: second definition in `std` loaded from /opt/rustwide/rustup-home/toolchains/cfbc6d4cf1acbac5c025acf8ed68929caa551df3/lib/rustlib/x86_64-unknown-linux-gnu/lib/libstd-d66e0ceb8eaec9b8.rlib
[INFO] [stdout] 
[INFO] [stdout] 
[INFO] [stdout] error: language item required, but not found: `eh_personality`
[INFO] [stdout] 
[INFO] [stdout] 
[INFO] [stdout] error: PWM feature not selected
[INFO] [stdout]   --> src/bin/pwm-test2.rs:24:1
[INFO] [stdout]    |
[INFO] [stdout] 24 | compile_error!("PWM feature not selected");
[INFO] [stdout]    | ^^^^^^^^^^^^^^^^^^^^^^^^^^^^^^^^^^^^^^^^^^^
[INFO] [stdout] 
[INFO] [stdout] 
[INFO] [stdout] error: language item required, but not found: `eh_personality`
[INFO] [stdout] 
[INFO] [stdout] 
[INFO] [stdout] error: language item required, but not found: `eh_personality`
[INFO] [stdout] 
[INFO] [stdout] 
[INFO] [stdout] error: language item required, but not found: `eh_personality`
[INFO] [stdout] 
[INFO] [stdout] 
[INFO] [stdout] error: aborting due to previous error
[INFO] [stdout] 
[INFO] [stdout] 
[INFO] [stdout] error: duplicate lang item in crate `std` (which `test` depends on): `panic_impl`.
[INFO] [stdout]   |
[INFO] [stdout]   = note: the lang item is first defined in crate `panic_semihosting` (which `adc_dma_test3` depends on)
[INFO] [stdout]   = note: first definition in `panic_semihosting` loaded from /opt/rustwide/target/debug/deps/libpanic_semihosting-37ab84156583ecb8.rmeta
[INFO] [stdout]   = note: second definition in `std` loaded from /opt/rustwide/rustup-home/toolchains/cfbc6d4cf1acbac5c025acf8ed68929caa551df3/lib/rustlib/x86_64-unknown-linux-gnu/lib/libstd-d66e0ceb8eaec9b8.rlib
[INFO] [stdout] 
[INFO] [stdout] 
[INFO] [stderr] error: could not compile `blue-pill-tests`.
[INFO] [stdout] error: aborting due to previous error
[INFO] [stdout] 
[INFO] [stdout] 
[INFO] [stderr] 
[INFO] [stderr] To learn more, run the command again with --verbose.
[INFO] [stderr] warning: build failed, waiting for other jobs to finish...
[INFO] [stdout] error: aborting due to previous error
[INFO] [stdout] 
[INFO] [stdout] 
[INFO] [stdout] error: duplicate lang item in crate `std` (which `test` depends on): `panic_impl`.
[INFO] [stdout]   |
[INFO] [stdout]   = note: the lang item is first defined in crate `panic_semihosting` (which `shared_adc_fixed_chans` depends on)
[INFO] [stdout]   = note: first definition in `panic_semihosting` loaded from /opt/rustwide/target/debug/deps/libpanic_semihosting-37ab84156583ecb8.rmeta
[INFO] [stdout]   = note: second definition in `std` loaded from /opt/rustwide/rustup-home/toolchains/cfbc6d4cf1acbac5c025acf8ed68929caa551df3/lib/rustlib/x86_64-unknown-linux-gnu/lib/libstd-d66e0ceb8eaec9b8.rlib
[INFO] [stdout] 
[INFO] [stdout] 
[INFO] [stdout] error: aborting due to previous error
[INFO] [stdout] 
[INFO] [stdout] 
[INFO] [stdout] error: aborting due to previous error
[INFO] [stdout] 
[INFO] [stdout] 
[INFO] [stdout] error: aborting due to previous error
[INFO] [stdout] 
[INFO] [stdout] 
[INFO] [stdout] error: aborting due to previous error
[INFO] [stdout] 
[INFO] [stdout] 
[INFO] [stdout] error: aborting due to previous error
[INFO] [stdout] 
[INFO] [stdout] 
[INFO] [stdout] error: aborting due to previous error
[INFO] [stdout] 
[INFO] [stdout] 
[INFO] [stdout] error: aborting due to previous error
[INFO] [stdout] 
[INFO] [stdout] 
[INFO] [stdout] error: aborting due to previous error
[INFO] [stdout] 
[INFO] [stdout] 
[INFO] [stdout] error: duplicate lang item in crate `std` (which `test` depends on): `panic_impl`.
[INFO] [stdout]   |
[INFO] [stdout]   = note: the lang item is first defined in crate `panic_semihosting` (which `blink_timer_rtfm` depends on)
[INFO] [stdout]   = note: first definition in `panic_semihosting` loaded from /opt/rustwide/target/debug/deps/libpanic_semihosting-37ab84156583ecb8.rmeta
[INFO] [stdout]   = note: second definition in `std` loaded from /opt/rustwide/rustup-home/toolchains/cfbc6d4cf1acbac5c025acf8ed68929caa551df3/lib/rustlib/x86_64-unknown-linux-gnu/lib/libstd-d66e0ceb8eaec9b8.rlib
[INFO] [stdout] 
[INFO] [stdout] 
[INFO] [stdout] error[E0432]: unresolved import `rtfm::cyccnt`
[INFO] [stdout]   --> src/bin/adc-dma-test5.rs:20:11
[INFO] [stdout]    |
[INFO] [stdout] 20 | use rtfm::cyccnt::Instant;
[INFO] [stdout]    |           ^^^^^^ could not find `cyccnt` in `rtfm`
[INFO] [stdout] 
[INFO] [stdout] 
[INFO] [stdout] error[E0432]: unresolved import `rtfm::cyccnt`
[INFO] [stdout]   --> src/bin/adc-dma-test5.rs:21:11
[INFO] [stdout]    |
[INFO] [stdout] 21 | use rtfm::cyccnt::U32Ext;
[INFO] [stdout]    |           ^^^^^^ could not find `cyccnt` in `rtfm`
[INFO] [stdout] 
[INFO] [stdout] 
[INFO] [stdout] error[E0433]: failed to resolve: could not find `cyccnt` in `rtfm`
[INFO] [stdout]   --> src/bin/adc-dma-test5.rs:42:76
[INFO] [stdout]    |
[INFO] [stdout] 42 | #[app(device = stm32f1xx_hal::stm32, peripherals = true, monotonic = rtfm::cyccnt::CYCCNT)]
[INFO] [stdout]    |                                                                            ^^^^^^ could not find `cyccnt` in `rtfm`
[INFO] [stdout] 
[INFO] [stdout] 
[INFO] [stdout] error[E0432]: unresolved import `rtfm::cyccnt`
[INFO] [stdout]   --> src/bin/adc-dma-test6.rs:20:11
[INFO] [stdout]    |
[INFO] [stdout] 20 | use rtfm::cyccnt::Instant;
[INFO] [stdout]    |           ^^^^^^ could not find `cyccnt` in `rtfm`
[INFO] [stdout] 
[INFO] [stdout] 
[INFO] [stdout] error[E0432]: unresolved import `rtfm::cyccnt`
[INFO] [stdout]   --> src/bin/adc-dma-test6.rs:21:11
[INFO] [stdout]    |
[INFO] [stdout] 21 | use rtfm::cyccnt::U32Ext;
[INFO] [stdout]    |           ^^^^^^ could not find `cyccnt` in `rtfm`
[INFO] [stdout] 
[INFO] [stdout] 
[INFO] [stdout] error: duplicate lang item in crate `std` (which `test` depends on): `panic_impl`.
[INFO] [stdout]   |
[INFO] [stdout]   = note: the lang item is first defined in crate `panic_semihosting` (which `adc_dma_test5` depends on)
[INFO] [stdout]   = note: first definition in `panic_semihosting` loaded from /opt/rustwide/target/debug/deps/libpanic_semihosting-37ab84156583ecb8.rmeta
[INFO] [stdout]   = note: second definition in `std` loaded from /opt/rustwide/rustup-home/toolchains/cfbc6d4cf1acbac5c025acf8ed68929caa551df3/lib/rustlib/x86_64-unknown-linux-gnu/lib/libstd-d66e0ceb8eaec9b8.rlib
[INFO] [stdout] 
[INFO] [stdout] 
[INFO] [stdout] error: duplicate lang item in crate `panic_itm`: `panic_impl`.
[INFO] [stdout]   |
[INFO] [stdout]   = note: the lang item is first defined in crate `std` (which `test` depends on)
[INFO] [stdout]   = note: first definition in `std` loaded from /opt/rustwide/rustup-home/toolchains/cfbc6d4cf1acbac5c025acf8ed68929caa551df3/lib/rustlib/x86_64-unknown-linux-gnu/lib/libstd-d66e0ceb8eaec9b8.rlib
[INFO] [stdout]   = note: second definition in `panic_itm` loaded from /opt/rustwide/target/debug/deps/libpanic_itm-4abfa882721dbc14.rmeta
[INFO] [stdout] 
[INFO] [stdout] 
[INFO] [stdout] error[E0433]: failed to resolve: could not find `cyccnt` in `rtfm`
[INFO] [stdout]   --> src/bin/adc-dma-test6.rs:64:76
[INFO] [stdout]    |
[INFO] [stdout] 64 | #[app(device = stm32f1xx_hal::stm32, peripherals = true, monotonic = rtfm::cyccnt::CYCCNT)]
[INFO] [stdout]    |                                                                            ^^^^^^ could not find `cyccnt` in `rtfm`
[INFO] [stdout] 
[INFO] [stdout] 
[INFO] [stdout] error[E0425]: cannot find value `chan` in this scope
[INFO] [stdout]    --> src/bin/pwm-test2.rs:189:20
[INFO] [stdout]     |
[INFO] [stdout] 189 |     let max: u16 = chan.0.get_max_duty();
[INFO] [stdout]     |                    ^^^^ not found in this scope
[INFO] [stdout] 
[INFO] [stdout] 
[INFO] [stdout] error[E0425]: cannot find value `chan` in this scope
[INFO] [stdout]    --> src/bin/pwm-test2.rs:194:5
[INFO] [stdout]     |
[INFO] [stdout] 194 |     chan.0.enable();
[INFO] [stdout]     |     ^^^^ not found in this scope
[INFO] [stdout] 
[INFO] [stdout] 
[INFO] [stdout] error[E0425]: cannot find value `chan` in this scope
[INFO] [stdout]    --> src/bin/pwm-test2.rs:195:5
[INFO] [stdout]     |
[INFO] [stdout] 195 |     chan.1.enable();
[INFO] [stdout]     |     ^^^^ not found in this scope
[INFO] [stdout] 
[INFO] [stdout] 
[INFO] [stdout] error[E0425]: cannot find value `chan` in this scope
[INFO] [stdout]    --> src/bin/pwm-test2.rs:196:5
[INFO] [stdout]     |
[INFO] [stdout] 196 |     chan.2.enable();
[INFO] [stdout]     |     ^^^^ not found in this scope
[INFO] [stdout] 
[INFO] [stdout] 
[INFO] [stdout] error[E0425]: cannot find value `chan` in this scope
[INFO] [stdout]    --> src/bin/pwm-test2.rs:197:5
[INFO] [stdout]     |
[INFO] [stdout] 197 |     chan.3.enable();
[INFO] [stdout]     |     ^^^^ not found in this scope
[INFO] [stdout] 
[INFO] [stdout] 
[INFO] [stdout] error[E0425]: cannot find value `chan` in this scope
[INFO] [stdout]    --> src/bin/pwm-test2.rs:203:9
[INFO] [stdout]     |
[INFO] [stdout] 203 |         chan.0.set_duty(duty);
[INFO] [stdout]     |         ^^^^ not found in this scope
[INFO] [stdout] 
[INFO] [stdout] 
[INFO] [stdout] error[E0425]: cannot find value `chan` in this scope
[INFO] [stdout]    --> src/bin/pwm-test2.rs:204:9
[INFO] [stdout]     |
[INFO] [stdout] 204 |         chan.1.set_duty(duty);
[INFO] [stdout]     |         ^^^^ not found in this scope
[INFO] [stdout] 
[INFO] [stdout] 
[INFO] [stdout] error[E0425]: cannot find value `chan` in this scope
[INFO] [stdout]    --> src/bin/pwm-test2.rs:205:9
[INFO] [stdout]     |
[INFO] [stdout] 205 |         chan.2.set_duty(duty);
[INFO] [stdout]     |         ^^^^ not found in this scope
[INFO] [stdout] 
[INFO] [stdout] 
[INFO] [stdout] error[E0425]: cannot find value `chan` in this scope
[INFO] [stdout]    --> src/bin/pwm-test2.rs:206:9
[INFO] [stdout]     |
[INFO] [stdout] 206 |         chan.3.set_duty(duty);
[INFO] [stdout]     |         ^^^^ not found in this scope
[INFO] [stdout] 
[INFO] [stdout] 
[INFO] [stdout] error[E0425]: cannot find value `chan` in this scope
[INFO] [stdout]    --> src/bin/pwm-test2.rs:210:9
[INFO] [stdout]     |
[INFO] [stdout] 210 |         chan.0.set_duty(0);
[INFO] [stdout]     |         ^^^^ not found in this scope
[INFO] [stdout] 
[INFO] [stdout] 
[INFO] [stdout] error[E0425]: cannot find value `chan` in this scope
[INFO] [stdout]    --> src/bin/pwm-test2.rs:211:9
[INFO] [stdout]     |
[INFO] [stdout] 211 |         chan.1.set_duty(0);
[INFO] [stdout]     |         ^^^^ not found in this scope
[INFO] [stdout] 
[INFO] [stdout] 
[INFO] [stdout] error[E0425]: cannot find value `chan` in this scope
[INFO] [stdout]    --> src/bin/pwm-test2.rs:212:9
[INFO] [stdout]     |
[INFO] [stdout] 212 |         chan.2.set_duty(0);
[INFO] [stdout]     |         ^^^^ not found in this scope
[INFO] [stdout] 
[INFO] [stdout] 
[INFO] [stdout] error[E0425]: cannot find value `chan` in this scope
[INFO] [stdout]    --> src/bin/pwm-test2.rs:213:9
[INFO] [stdout]     |
[INFO] [stdout] 213 |         chan.3.set_duty(0);
[INFO] [stdout]     |         ^^^^ not found in this scope
[INFO] [stdout] 
[INFO] [stdout] 
[INFO] [stdout] warning: unused import: `stm32f1xx_hal::timer::Timer`
[INFO] [stdout]   --> src/bin/pwm-test2.rs:11:5
[INFO] [stdout]    |
[INFO] [stdout] 11 | use stm32f1xx_hal::timer::Timer;
[INFO] [stdout]    |     ^^^^^^^^^^^^^^^^^^^^^^^^^^^
[INFO] [stdout]    |
[INFO] [stdout]    = note: `#[warn(unused_imports)]` on by default
[INFO] [stdout] 
[INFO] [stdout] 
[INFO] [stdout] error: duplicate lang item in crate `std` (which `test` depends on): `panic_impl`.
[INFO] [stdout]   |
[INFO] [stdout]   = note: the lang item is first defined in crate `panic_semihosting` (which `pwm_test2` depends on)
[INFO] [stdout]   = note: first definition in `panic_semihosting` loaded from /opt/rustwide/target/debug/deps/libpanic_semihosting-37ab84156583ecb8.rmeta
[INFO] [stdout]   = note: second definition in `std` loaded from /opt/rustwide/rustup-home/toolchains/cfbc6d4cf1acbac5c025acf8ed68929caa551df3/lib/rustlib/x86_64-unknown-linux-gnu/lib/libstd-d66e0ceb8eaec9b8.rlib
[INFO] [stdout] 
[INFO] [stdout] 
[INFO] [stdout] error: duplicate lang item in crate `panic_itm`: `panic_impl`.
[INFO] [stdout]   |
[INFO] [stdout]   = note: the lang item is first defined in crate `std` (which `test` depends on)
[INFO] [stdout]   = note: first definition in `std` loaded from /opt/rustwide/rustup-home/toolchains/cfbc6d4cf1acbac5c025acf8ed68929caa551df3/lib/rustlib/x86_64-unknown-linux-gnu/lib/libstd-d66e0ceb8eaec9b8.rlib
[INFO] [stdout]   = note: second definition in `panic_itm` loaded from /opt/rustwide/target/debug/deps/libpanic_itm-4abfa882721dbc14.rmeta
[INFO] [stdout] 
[INFO] [stdout] 
[INFO] [stdout] error: duplicate lang item in crate `panic_itm`: `panic_impl`.
[INFO] [stdout]   |
[INFO] [stdout]   = note: the lang item is first defined in crate `panic_semihosting` (which `adc_dma_test6` depends on)
[INFO] [stdout]   = note: first definition in `panic_semihosting` loaded from /opt/rustwide/target/debug/deps/libpanic_semihosting-37ab84156583ecb8.rmeta
[INFO] [stdout]   = note: second definition in `panic_itm` loaded from /opt/rustwide/target/debug/deps/libpanic_itm-4abfa882721dbc14.rmeta
[INFO] [stdout] 
[INFO] [stdout] 
[INFO] [stdout] error: language item required, but not found: `eh_personality`
[INFO] [stdout] 
[INFO] [stdout] 
[INFO] [stdout] error[E0599]: no method named `cycles` found for type `u32` in the current scope
[INFO] [stdout]   --> src/bin/adc-dma-test5.rs:85:52
[INFO] [stdout]    |
[INFO] [stdout] 85 |             .start_adc_dma(Instant::now() + PERIOD.cycles())
[INFO] [stdout]    |                                                    ^^^^^^ method not found in `u32`
[INFO] [stdout] 
[INFO] [stdout] 
[INFO] [stdout] error[E0599]: no method named `cycles` found for type `u32` in the current scope
[INFO] [stdout]    --> src/bin/adc-dma-test5.rs:125:52
[INFO] [stdout]     |
[INFO] [stdout] 125 |             .start_adc_dma(Instant::now() + PERIOD.cycles())
[INFO] [stdout]     |                                                    ^^^^^^ method not found in `u32`
[INFO] [stdout] 
[INFO] [stdout] 
[INFO] [stdout] error: aborting due to 16 previous errors; 1 warning emitted
[INFO] [stdout] 
[INFO] [stdout] 
[INFO] [stdout] For more information about this error, try `rustc --explain E0425`.
[INFO] [stdout] 
[INFO] [stdout] error[E0599]: no method named `cycles` found for type `u32` in the current scope
[INFO] [stdout]    --> src/bin/adc-dma-test6.rs:118:52
[INFO] [stdout]     |
[INFO] [stdout] 118 |             .start_adc_dma(Instant::now() + PERIOD.cycles())
[INFO] [stdout]     |                                                    ^^^^^^ method not found in `u32`
[INFO] [stdout] 
[INFO] [stdout] 
[INFO] [stdout] error[E0599]: no method named `cycles` found for type `u32` in the current scope
[INFO] [stdout]    --> src/bin/adc-dma-test6.rs:211:52
[INFO] [stdout]     |
[INFO] [stdout] 211 |             .start_adc_dma(Instant::now() + PERIOD.cycles())
[INFO] [stdout]     |                                                    ^^^^^^ method not found in `u32`
[INFO] [stdout] 
[INFO] [stdout] 
[INFO] [stdout] error[E0282]: type annotations needed
[INFO] [stdout]   --> src/bin/adc-dma-test5.rs:42:1
[INFO] [stdout]    |
[INFO] [stdout] 42 | #[app(device = stm32f1xx_hal::stm32, peripherals = true, monotonic = rtfm::cyccnt::CYCCNT)]
[INFO] [stdout]    | ^^^^^^^^^^^^^^^^^^^^^^^^^^^^^^^^^^^^^^^^^^^^^^^^^^^^^^^^^^^^^^^^^^^^^^^^^^^^^^^^^^^^^^^^^^^
[INFO] [stdout]    |
[INFO] [stdout]    = note: type must be known at this point
[INFO] [stdout]    = note: this error originates in an attribute macro (in Nightly builds, run with -Z macro-backtrace for more info)
[INFO] [stdout] 
[INFO] [stdout] 
[INFO] [stdout] error: aborting due to 8 previous errors
[INFO] [stdout] 
[INFO] [stdout] 
[INFO] [stdout] Some errors have detailed explanations: E0282, E0432, E0433, E0599.
[INFO] [stdout] 
[INFO] [stdout] For more information about an error, try `rustc --explain E0282`.
[INFO] [stdout] 
[INFO] [stdout] error[E0282]: type annotations needed
[INFO] [stdout]   --> src/bin/adc-dma-test6.rs:64:1
[INFO] [stdout]    |
[INFO] [stdout] 64 | #[app(device = stm32f1xx_hal::stm32, peripherals = true, monotonic = rtfm::cyccnt::CYCCNT)]
[INFO] [stdout]    | ^^^^^^^^^^^^^^^^^^^^^^^^^^^^^^^^^^^^^^^^^^^^^^^^^^^^^^^^^^^^^^^^^^^^^^^^^^^^^^^^^^^^^^^^^^^
[INFO] [stdout]    |
[INFO] [stdout]    = note: type must be known at this point
[INFO] [stdout]    = note: this error originates in an attribute macro (in Nightly builds, run with -Z macro-backtrace for more info)
[INFO] [stdout] 
[INFO] [stdout] 
[INFO] [stdout] error: aborting due to previous error
[INFO] [stdout] 
[INFO] [stdout] 
[INFO] [stdout] error[E0425]: cannot find value `chan` in this scope
[INFO] [stdout]    --> src/bin/pwm-test2.rs:189:20
[INFO] [stdout]     |
[INFO] [stdout] 189 |     let max: u16 = chan.0.get_max_duty();
[INFO] [stdout]     |                    ^^^^ not found in this scope
[INFO] [stdout] 
[INFO] [stdout] 
[INFO] [stdout] error[E0425]: cannot find value `chan` in this scope
[INFO] [stdout]    --> src/bin/pwm-test2.rs:194:5
[INFO] [stdout]     |
[INFO] [stdout] 194 |     chan.0.enable();
[INFO] [stdout]     |     ^^^^ not found in this scope
[INFO] [stdout] 
[INFO] [stdout] 
[INFO] [stdout] error[E0425]: cannot find value `chan` in this scope
[INFO] [stdout]    --> src/bin/pwm-test2.rs:195:5
[INFO] [stdout]     |
[INFO] [stdout] 195 |     chan.1.enable();
[INFO] [stdout]     |     ^^^^ not found in this scope
[INFO] [stdout] 
[INFO] [stdout] 
[INFO] [stdout] error[E0425]: cannot find value `chan` in this scope
[INFO] [stdout]    --> src/bin/pwm-test2.rs:196:5
[INFO] [stdout]     |
[INFO] [stdout] 196 |     chan.2.enable();
[INFO] [stdout]     |     ^^^^ not found in this scope
[INFO] [stdout] 
[INFO] [stdout] 
[INFO] [stdout] error[E0425]: cannot find value `chan` in this scope
[INFO] [stdout]    --> src/bin/pwm-test2.rs:197:5
[INFO] [stdout]     |
[INFO] [stdout] 197 |     chan.3.enable();
[INFO] [stdout]     |     ^^^^ not found in this scope
[INFO] [stdout] 
[INFO] [stdout] 
[INFO] [stdout] error[E0425]: cannot find value `chan` in this scope
[INFO] [stdout]    --> src/bin/pwm-test2.rs:203:9
[INFO] [stdout]     |
[INFO] [stdout] 203 |         chan.0.set_duty(duty);
[INFO] [stdout]     |         ^^^^ not found in this scope
[INFO] [stdout] 
[INFO] [stdout] 
[INFO] [stdout] error[E0425]: cannot find value `chan` in this scope
[INFO] [stdout]    --> src/bin/pwm-test2.rs:204:9
[INFO] [stdout]     |
[INFO] [stdout] 204 |         chan.1.set_duty(duty);
[INFO] [stdout]     |         ^^^^ not found in this scope
[INFO] [stdout] 
[INFO] [stdout] 
[INFO] [stdout] error[E0425]: cannot find value `chan` in this scope
[INFO] [stdout]    --> src/bin/pwm-test2.rs:205:9
[INFO] [stdout]     |
[INFO] [stdout] 205 |         chan.2.set_duty(duty);
[INFO] [stdout]     |         ^^^^ not found in this scope
[INFO] [stdout] 
[INFO] [stdout] 
[INFO] [stdout] error[E0425]: cannot find value `chan` in this scope
[INFO] [stdout]    --> src/bin/pwm-test2.rs:206:9
[INFO] [stdout]     |
[INFO] [stdout] 206 |         chan.3.set_duty(duty);
[INFO] [stdout]     |         ^^^^ not found in this scope
[INFO] [stdout] 
[INFO] [stdout] 
[INFO] [stdout] error[E0425]: cannot find value `chan` in this scope
[INFO] [stdout]    --> src/bin/pwm-test2.rs:210:9
[INFO] [stdout]     |
[INFO] [stdout] 210 |         chan.0.set_duty(0);
[INFO] [stdout]     |         ^^^^ not found in this scope
[INFO] [stdout] 
[INFO] [stdout] 
[INFO] [stdout] error[E0425]: cannot find value `chan` in this scope
[INFO] [stdout]    --> src/bin/pwm-test2.rs:211:9
[INFO] [stdout]     |
[INFO] [stdout] 211 |         chan.1.set_duty(0);
[INFO] [stdout]     |         ^^^^ not found in this scope
[INFO] [stdout] 
[INFO] [stdout] 
[INFO] [stdout] error[E0425]: cannot find value `chan` in this scope
[INFO] [stdout]    --> src/bin/pwm-test2.rs:212:9
[INFO] [stdout]     |
[INFO] [stdout] 212 |         chan.2.set_duty(0);
[INFO] [stdout]     |         ^^^^ not found in this scope
[INFO] [stdout] 
[INFO] [stdout] 
[INFO] [stdout] error[E0425]: cannot find value `chan` in this scope
[INFO] [stdout]    --> src/bin/pwm-test2.rs:213:9
[INFO] [stdout]     |
[INFO] [stdout] 213 |         chan.3.set_duty(0);
[INFO] [stdout]     |         ^^^^ not found in this scope
[INFO] [stdout] 
[INFO] [stdout] 
[INFO] [stdout] warning: unused import: `stm32f1xx_hal::timer::Timer`
[INFO] [stdout]   --> src/bin/pwm-test2.rs:11:5
[INFO] [stdout]    |
[INFO] [stdout] 11 | use stm32f1xx_hal::timer::Timer;
[INFO] [stdout]    |     ^^^^^^^^^^^^^^^^^^^^^^^^^^^
[INFO] [stdout]    |
[INFO] [stdout]    = note: `#[warn(unused_imports)]` on by default
[INFO] [stdout] 
[INFO] [stdout] 
[INFO] [stdout] error: duplicate lang item in crate `panic_itm`: `panic_impl`.
[INFO] [stdout]   |
[INFO] [stdout]   = note: the lang item is first defined in crate `panic_semihosting` (which `pwm_test2` depends on)
[INFO] [stdout]   = note: first definition in `panic_semihosting` loaded from /opt/rustwide/target/debug/deps/libpanic_semihosting-37ab84156583ecb8.rmeta
[INFO] [stdout]   = note: second definition in `panic_itm` loaded from /opt/rustwide/target/debug/deps/libpanic_itm-4abfa882721dbc14.rmeta
[INFO] [stdout] 
[INFO] [stdout] 
[INFO] [stdout] error: language item required, but not found: `eh_personality`
[INFO] [stdout] 
[INFO] [stdout] 
[INFO] [stdout] error: aborting due to 16 previous errors; 1 warning emitted
[INFO] [stdout] 
[INFO] [stdout] 
[INFO] [stdout] For more information about this error, try `rustc --explain E0425`.
[INFO] [stdout] 
[INFO] [stdout] error: aborting due to 8 previous errors
[INFO] [stdout] 
[INFO] [stdout] 
[INFO] [stdout] Some errors have detailed explanations: E0282, E0432, E0433, E0599.
[INFO] [stdout] 
[INFO] [stdout] For more information about an error, try `rustc --explain E0282`.
[INFO] [stdout] 
[INFO] [stderr] error: build failed
[INFO] running `Command { std: "docker" "inspect" "c130184b42b5fc49d62eca07f32ea5f5b868b52ff4d31d068cb348a5fb60647c", kill_on_drop: false }`
[INFO] running `Command { std: "docker" "rm" "-f" "c130184b42b5fc49d62eca07f32ea5f5b868b52ff4d31d068cb348a5fb60647c", kill_on_drop: false }`
[INFO] [stdout] c130184b42b5fc49d62eca07f32ea5f5b868b52ff4d31d068cb348a5fb60647c
